{"id":2237,"date":"2016-06-28T16:37:05","date_gmt":"2016-06-28T14:37:05","guid":{"rendered":"http:\/\/hsv-ovenhausen.de\/?page_id=2237"},"modified":"2016-06-28T16:37:34","modified_gmt":"2016-06-28T14:37:34","slug":"2016-altersklasse","status":"publish","type":"page","link":"\/?page_id=2237","title":{"rendered":"2016 Altersklasse"},"content":{"rendered":"<p>Soeben kommen unsere Jungs (Senioren) J\u00fcrgen Todt, Rolf Ma\u00dfmann, Markus B\u00f6melburg und Bernward Mutter von den Landesmeisterschaften aus Dortmund zur\u00fcck.<\/p>\n<p>Sie durften heute gleich 2 Wettbewerbe schie\u00dfen. Um 10 Uhr starteten J\u00fcrgen, Rolf und Markus in der Disziplin KK 50 Meter.<\/p>\n<p>J\u00fcrgen schoss 292 Ring\u00a0. Leider einen Platz an Bronze vorbei. Der Zweit- und Drittplazierte haben ebenso 292 erzielt \u2013 aber J\u00fcrgen hatte die schlechtere letzte Serie. Somit der undankbare 4 te Platz. J\u00fcrgen hatte wirklich viel Pech &#8211; von den 8 Neunern waren 4 St\u00fcck 9,9. Ein Zehntel mehr bei den vier Sch\u00fcssen und er h\u00e4tte 296 erzielt. Damit w\u00e4re dann auch er Landesmeister geworden. Aber wenn und aber z\u00e4hlen nicht!!!<\/p>\n<p>J\u00fcrgen trotzdem gut gemacht !!!<\/p>\n<p>Bei Markus lief es im Probemodus super gut. Eine 9 und 11 Zehnen. Also Start dr\u00fccken. Mit dem dr\u00fccken des Startknopfes, hat sich auch in Markus etwas ge\u00e4ndert. Er traf die Zehn nicht mehr \u2013 oder gab es andere Gr\u00fcnde!! \u2013 Was genau passiert ist, kann uns nur Markus sagen \u2013 der war aber zu keinem Interview bereit \ud83d\ude1b . Am Ende standen 265 Ring auf seinem Konto.<\/p>\n<p>Unser Rolf lieferte ein durchwachsenes Ergebnis ab. Aber ehrlich gesagt, weit unter seinen M\u00f6glichkeiten. Gestern Abend beim Training, war er noch guter Dinge und glaubte heute oben mit angreifen zu k\u00f6nnen. Aber die Landesmeisterschaft in Dortmund ist ein anderes Kaliber \u2013 die hat eben nichts oder nur wenig mit dem Training in Ovenhausen zu tun. Das Turnier hat er dann mit 277 Ring beendet.<\/p>\n<p>Am Ende belegte die Mannschaft mit den geschossenen 834 Ring den 18 ten Platz von 25 gestarteten Mannschaften.<\/p>\n<p><a href=\"https:\/\/i0.wp.com\/hsv-ovenhausen.de\/hsv-neu\/wp-content\/uploads\/2016\/06\/20160424_100929.jpg\"><img data-recalc-dims=\"1\" loading=\"lazy\" decoding=\"async\" data-attachment-id=\"2171\" data-permalink=\"\/?attachment_id=2171\" data-orig-file=\"https:\/\/i0.wp.com\/hsv-ovenhausen.de\/hsv-neu\/wp-content\/uploads\/2016\/06\/20160424_100929.jpg?fit=3264%2C1836&amp;ssl=1\" data-orig-size=\"3264,1836\" data-comments-opened=\"0\" data-image-meta=\"{&quot;aperture&quot;:&quot;2.4&quot;,&quot;credit&quot;:&quot;&quot;,&quot;camera&quot;:&quot;SM-G800F&quot;,&quot;caption&quot;:&quot;&quot;,&quot;created_timestamp&quot;:&quot;1461492569&quot;,&quot;copyright&quot;:&quot;&quot;,&quot;focal_length&quot;:&quot;3.3&quot;,&quot;iso&quot;:&quot;40&quot;,&quot;shutter_speed&quot;:&quot;0.0050251256281407&quot;,&quot;title&quot;:&quot;&quot;,&quot;orientation&quot;:&quot;1&quot;}\" data-image-title=\"20160424_100929\" data-image-description=\"\" data-image-caption=\"\" data-large-file=\"https:\/\/i0.wp.com\/hsv-ovenhausen.de\/hsv-neu\/wp-content\/uploads\/2016\/06\/20160424_100929.jpg?fit=700%2C394&amp;ssl=1\" class=\"alignnone wp-image-2171\" src=\"https:\/\/i0.wp.com\/hsv-ovenhausen.de\/hsv-neu\/wp-content\/uploads\/2016\/06\/20160424_100929.jpg?resize=582%2C328\" alt=\"20160424_100929\" width=\"582\" height=\"328\" data-id=\"2171\" srcset=\"https:\/\/i0.wp.com\/hsv-ovenhausen.de\/hsv-neu\/wp-content\/uploads\/2016\/06\/20160424_100929.jpg?resize=300%2C169&amp;ssl=1 300w, https:\/\/i0.wp.com\/hsv-ovenhausen.de\/hsv-neu\/wp-content\/uploads\/2016\/06\/20160424_100929.jpg?resize=768%2C432&amp;ssl=1 768w, https:\/\/i0.wp.com\/hsv-ovenhausen.de\/hsv-neu\/wp-content\/uploads\/2016\/06\/20160424_100929.jpg?resize=1024%2C576&amp;ssl=1 1024w, https:\/\/i0.wp.com\/hsv-ovenhausen.de\/hsv-neu\/wp-content\/uploads\/2016\/06\/20160424_100929.jpg?w=1400 1400w, https:\/\/i0.wp.com\/hsv-ovenhausen.de\/hsv-neu\/wp-content\/uploads\/2016\/06\/20160424_100929.jpg?w=2100 2100w\" sizes=\"auto, (max-width: 582px) 100vw, 582px\" \/><\/a><\/p>\n<p>Leider konnte die Truppe auch beim LG \u00fcber 10 Meter, ihre eigenen, hohen Erwarten nicht erf\u00fcllen.<\/p>\n<p>Bernward Mutter \u00a0\u00a0\u00a0\u00a0\u00a0\u00a0\u00a0\u00a0\u00a0 294 Ring\u00a0\u00a0\u00a0\u00a0\u00a0\u00a0\u00a0\u00a0\u00a0\u00a0\u00a0\u00a0 Platz \u00a086<\/p>\n<p>Rolf Ma\u00dfmann\u00a0\u00a0\u00a0\u00a0\u00a0\u00a0\u00a0\u00a0\u00a0\u00a0\u00a0\u00a0\u00a0 293 Ring\u00a0\u00a0\u00a0\u00a0\u00a0\u00a0\u00a0\u00a0\u00a0\u00a0\u00a0\u00a0 Platz 101<\/p>\n<p>J\u00fcrgen Todt\u00a0\u00a0\u00a0\u00a0\u00a0\u00a0\u00a0\u00a0\u00a0\u00a0\u00a0\u00a0\u00a0\u00a0\u00a0\u00a0\u00a0 292 Ring\u00a0\u00a0\u00a0\u00a0\u00a0\u00a0\u00a0\u00a0\u00a0\u00a0\u00a0\u00a0 Platz 109<\/p>\n<p>gestartet sind 217 Sch\u00fctzen. Also im guten Mittelfeld gelandet.<\/p>\n<p>In der Mannschaftswertung bedeuten die 879 Ring den 29 ten Platz von 80 gestarteten Mannschaften.<\/p>\n<p><a href=\"https:\/\/i0.wp.com\/hsv-ovenhausen.de\/hsv-neu\/wp-content\/uploads\/2016\/06\/20160424_100902.jpg\"><img data-recalc-dims=\"1\" loading=\"lazy\" decoding=\"async\" data-attachment-id=\"2170\" data-permalink=\"\/?attachment_id=2170\" data-orig-file=\"https:\/\/i0.wp.com\/hsv-ovenhausen.de\/hsv-neu\/wp-content\/uploads\/2016\/06\/20160424_100902.jpg?fit=3264%2C1836&amp;ssl=1\" data-orig-size=\"3264,1836\" data-comments-opened=\"0\" data-image-meta=\"{&quot;aperture&quot;:&quot;2.4&quot;,&quot;credit&quot;:&quot;&quot;,&quot;camera&quot;:&quot;SM-G800F&quot;,&quot;caption&quot;:&quot;&quot;,&quot;created_timestamp&quot;:&quot;1461492542&quot;,&quot;copyright&quot;:&quot;&quot;,&quot;focal_length&quot;:&quot;3.3&quot;,&quot;iso&quot;:&quot;40&quot;,&quot;shutter_speed&quot;:&quot;0.0048076923076923&quot;,&quot;title&quot;:&quot;&quot;,&quot;orientation&quot;:&quot;1&quot;}\" data-image-title=\"20160424_100902\" data-image-description=\"\" data-image-caption=\"\" data-large-file=\"https:\/\/i0.wp.com\/hsv-ovenhausen.de\/hsv-neu\/wp-content\/uploads\/2016\/06\/20160424_100902.jpg?fit=700%2C394&amp;ssl=1\" class=\"alignnone wp-image-2170\" src=\"https:\/\/i0.wp.com\/hsv-ovenhausen.de\/hsv-neu\/wp-content\/uploads\/2016\/06\/20160424_100902.jpg?resize=541%2C305\" alt=\"20160424_100902\" width=\"541\" height=\"305\" data-id=\"2170\" srcset=\"https:\/\/i0.wp.com\/hsv-ovenhausen.de\/hsv-neu\/wp-content\/uploads\/2016\/06\/20160424_100902.jpg?resize=300%2C169&amp;ssl=1 300w, https:\/\/i0.wp.com\/hsv-ovenhausen.de\/hsv-neu\/wp-content\/uploads\/2016\/06\/20160424_100902.jpg?resize=768%2C432&amp;ssl=1 768w, https:\/\/i0.wp.com\/hsv-ovenhausen.de\/hsv-neu\/wp-content\/uploads\/2016\/06\/20160424_100902.jpg?resize=1024%2C576&amp;ssl=1 1024w, https:\/\/i0.wp.com\/hsv-ovenhausen.de\/hsv-neu\/wp-content\/uploads\/2016\/06\/20160424_100902.jpg?w=1400 1400w, https:\/\/i0.wp.com\/hsv-ovenhausen.de\/hsv-neu\/wp-content\/uploads\/2016\/06\/20160424_100902.jpg?w=2100 2100w\" sizes=\"auto, (max-width: 541px) 100vw, 541px\" \/><\/a><\/p>\n<p>J\u00fcrgen sagte nach dem Turnier &#8211; Training ist eben alles &#8211; wir haben zu wenig getan &#8211; n\u00e4chstes Jahr greifen wir wieder an.<\/p>\n","protected":false},"excerpt":{"rendered":"<p>Soeben kommen unsere Jungs (Senioren) J\u00fcrgen Todt, Rolf Ma\u00dfmann, Markus B\u00f6melburg und Bernward Mutter von den Landesmeisterschaften aus Dortmund zur\u00fcck. Sie durften heute gleich 2 Wettbewerbe schie\u00dfen. Um 10 Uhr starteten J\u00fcrgen, Rolf und Markus in der Disziplin KK 50&hellip; <\/p>\n","protected":false},"author":6,"featured_media":0,"parent":1424,"menu_order":0,"comment_status":"closed","ping_status":"closed","template":"","meta":{"jetpack_post_was_ever_published":false,"footnotes":""},"class_list":["post-2237","page","type-page","status-publish","hentry"],"jetpack_sharing_enabled":true,"jetpack_shortlink":"https:\/\/wp.me\/P7qpVN-A5","jetpack-related-posts":[{"id":1481,"url":"\/?page_id=1481","url_meta":{"origin":2237,"position":0},"title":"2016","author":"Martin Bahr","date":"13. April 2016","format":false,"excerpt":"HSV Ovenhausen ist Bezirksmeister Die \u201eSenioren A\u201c des HSV Ovenhausen sicherten sich den Bezirksmeistertitel beim KK-Schie\u00dfen \u00fcber 50 Meter in H\u00f6velhof mit 870 Ring. Platz 1\u00a0\u00a0\u00a0\u00a0\u00a0\u00a0\u00a0\u00a0\u00a0\u00a0\u00a0\u00a0 HSV Ovenhausen\u00a0\u00a0\u00a0\u00a0\u00a0\u00a0\u00a0\u00a0\u00a0\u00a0\u00a0\u00a0\u00a0\u00a0\u00a0\u00a0\u00a0\u00a0 870 Ring Platz 2\u00a0\u00a0\u00a0\u00a0\u00a0\u00a0\u00a0\u00a0\u00a0\u00a0\u00a0\u00a0 ST.Hubertus Brilon\u00a0\u00a0\u00a0\u00a0\u00a0\u00a0\u00a0\u00a0\u00a0\u00a0\u00a0\u00a0\u00a0\u00a0\u00a0 856 Ring Platz 3\u00a0\u00a0\u00a0\u00a0\u00a0\u00a0\u00a0\u00a0\u00a0\u00a0\u00a0\u00a0 BSV Brakel 2\u00a0\u00a0\u00a0\u00a0\u00a0\u00a0\u00a0\u00a0\u00a0\u00a0\u00a0\u00a0\u00a0\u00a0\u00a0\u00a0\u00a0\u00a0\u00a0\u00a0\u00a0\u00a0\u00a0\u00a0\u00a0 841 Ring Platz 4\u00a0\u00a0\u00a0\u00a0\u00a0\u00a0\u00a0\u00a0\u00a0\u00a0\u00a0\u00a0 BSV Brakel 1\u00a0\u00a0\u00a0\u00a0\u00a0\u00a0\u00a0\u00a0\u00a0\u00a0\u00a0\u00a0\u00a0\u00a0\u00a0\u00a0\u00a0\u00a0\u00a0\u00a0\u00a0\u00a0\u00a0\u00a0\u00a0 835 Ring\u2026","rel":"","context":"\u00c4hnlicher Beitrag","block_context":{"text":"\u00c4hnlicher Beitrag","link":""},"img":{"alt_text":"DSC_6684_pp","src":"https:\/\/i0.wp.com\/hsv-ovenhausen.de\/hsv-neu\/wp-content\/uploads\/2016\/04\/DSC_6684_pp-3-300x200.jpg?resize=350%2C200","width":350,"height":200},"classes":[]},{"id":1529,"url":"\/?page_id=1529","url_meta":{"origin":2237,"position":1},"title":"2015","author":"Martin Bahr","date":"15. April 2016","format":false,"excerpt":"Senioren A -\u00a0KK 50 Meter Die Sch\u00fctzen Ewald Hanke - Martin Bahr und Elmar Dr\u00fcke sicherten sich bei den diesj\u00e4hrigen Kreismeisterschaften in H\u00f6xter den Titel. In der Einzelwertung belegten die Sch\u00fctzen auch gleich nur vordere\u00a0Pl\u00e4tze. Kreismeister wurde\u00a0Ewald Hanke\u00a0mit\u00a0298 Ring -\u00a0vor Martin Bahr, der mit 294 Ring\u00a0Platz 2 belegte.\u00a0Den\u00a0siebten Platz\u00a0belegte Elmar\u2026","rel":"","context":"\u00c4hnlicher Beitrag","block_context":{"text":"\u00c4hnlicher Beitrag","link":""},"img":{"alt_text":"DSC_6684_pp","src":"https:\/\/i0.wp.com\/hsv-ovenhausen.de\/hsv-neu\/wp-content\/uploads\/2016\/04\/DSC_6684_pp-3-300x200.jpg?resize=350%2C200","width":350,"height":200},"classes":[]},{"id":1535,"url":"\/?page_id=1535","url_meta":{"origin":2237,"position":2},"title":"2015","author":"Martin Bahr","date":"15. April 2016","format":false,"excerpt":"KK-Leistungsklasse Geschossen wurden 10 Wettk\u00e4mpfe bei denen jeder Sch\u00fctze jeweils 15 Schu\u00df abzugeben hat. Die Gegner in dieser Gruppe waren: Steinheim - Brenkhausen - Beller - Reelsen und Amelunxen. Mannschaftswertung Ringz. Punkte HSV Ovenhausen I PLatz 1 4407 20:00 Einzelwertung Ringz. Ewald, Hanke Platz 1 1475 Martin, Bahr Platz 2\u2026","rel":"","context":"\u00c4hnlicher Beitrag","block_context":{"text":"\u00c4hnlicher Beitrag","link":""},"img":{"alt_text":"DSC_6696_pp","src":"https:\/\/i0.wp.com\/hsv-ovenhausen.de\/hsv-neu\/wp-content\/uploads\/2016\/04\/DSC_6696_pp-300x200.jpg?resize=350%2C200","width":350,"height":200},"classes":[]},{"id":1523,"url":"\/?page_id=1523","url_meta":{"origin":2237,"position":3},"title":"2015","author":"Martin Bahr","date":"15. April 2016","format":false,"excerpt":"Der HSV Ovenhausen war\u00a0auch bei den Bezirksmeisterschaften LG Auflage 10 Meter in H\u00f6velhof wieder sehr erfolgreich. In der Altersklasse \u201eSenioren A\u201c\u00a0 hat der HSV in der Mannschaftswertung mit den Sch\u00fctzen Martin Bahr 298 \u2013 Ewald Hanke 297 und Elmar Dr\u00fcke 286 -die Silbermedaille gewonnen. Martin Bahr konnte in der Einzelwertung\u00a0\u2026","rel":"","context":"\u00c4hnlicher Beitrag","block_context":{"text":"\u00c4hnlicher Beitrag","link":""},"img":{"alt_text":"DSC_6684_pp","src":"https:\/\/i0.wp.com\/hsv-ovenhausen.de\/hsv-neu\/wp-content\/uploads\/2016\/04\/DSC_6684_pp-300x200.jpg?resize=350%2C200","width":350,"height":200},"classes":[]},{"id":29,"url":"\/?page_id=29","url_meta":{"origin":2237,"position":4},"title":"Schie\u00dfsport (alte Seite)","author":"Martin Bahr","date":"12. August 2014","format":false,"excerpt":"Spitzenreiter in der Leistungsklasse - HSV holt Top-Platzierungen und Titel Ob Luftgewehr oder Kleinkaliber \u2013 die Sportsch\u00fctzen des HSV Ovenhausen sind im Kreis H\u00f6xter die treffsichersten. Sogar auf Bundesebene hat es f\u00fcr einen Sportler im Oktober Grund zum Jubeln gegeben. Bei der Deutschen Meisterschaft in Hannover landete Ewald Hanke mit\u2026","rel":"","context":"\u00c4hnlicher Beitrag","block_context":{"text":"\u00c4hnlicher Beitrag","link":""},"img":{"alt_text":"Mit Kleinkaliber und Luftgewehr auf Titeljagd. Das sind die f\u00fcnf Sch\u00fctzen (von links): Ewald Hanke, Bernward Mutter, Martin Bahr, J\u00fcrgen Todt und Markus B\u00f6melburg. Der HSV Ovenhausen belegt in der Leistungsklasse Rang eins. Foto: Oliver Temme","src":"https:\/\/i0.wp.com\/test.hsv-ovenhausen.de\/hsv-neu\/wp-content\/uploads\/2014\/08\/Schiessgruppe.jpg?resize=350%2C200","width":350,"height":200},"classes":[]},{"id":1533,"url":"\/?page_id=1533","url_meta":{"origin":2237,"position":5},"title":"2015","author":"Martin Bahr","date":"15. April 2016","format":false,"excerpt":"Senioren A - Luftgewehr 10 Meter Die Sch\u00fctzen Ewald Hanke - Martin Bahr und Elmar Dr\u00fcke schossen\u00a0bei den diesj\u00e4hrigen Kreismeisterschaften den Kreisrekord. \u00a0Mit sagenhaften 899 von 900 M\u00f6glichen verwiesen Sie die Konkurrenz in die Schranken. In der Einzelwertung belegten die Sch\u00fctzen auch gleich die ersten drei Pl\u00e4tze. Kreismeister wurde Martin\u2026","rel":"","context":"\u00c4hnlicher Beitrag","block_context":{"text":"\u00c4hnlicher Beitrag","link":""},"img":{"alt_text":"DSC_6684_pp","src":"https:\/\/i0.wp.com\/hsv-ovenhausen.de\/hsv-neu\/wp-content\/uploads\/2016\/04\/DSC_6684_pp-3-300x200.jpg?resize=350%2C200","width":350,"height":200},"classes":[]}],"_links":{"self":[{"href":"\/index.php?rest_route=\/wp\/v2\/pages\/2237","targetHints":{"allow":["GET"]}}],"collection":[{"href":"\/index.php?rest_route=\/wp\/v2\/pages"}],"about":[{"href":"\/index.php?rest_route=\/wp\/v2\/types\/page"}],"author":[{"embeddable":true,"href":"\/index.php?rest_route=\/wp\/v2\/users\/6"}],"replies":[{"embeddable":true,"href":"\/index.php?rest_route=%2Fwp%2Fv2%2Fcomments&post=2237"}],"version-history":[{"count":2,"href":"\/index.php?rest_route=\/wp\/v2\/pages\/2237\/revisions"}],"predecessor-version":[{"id":2239,"href":"\/index.php?rest_route=\/wp\/v2\/pages\/2237\/revisions\/2239"}],"up":[{"embeddable":true,"href":"\/index.php?rest_route=\/wp\/v2\/pages\/1424"}],"wp:attachment":[{"href":"\/index.php?rest_route=%2Fwp%2Fv2%2Fmedia&parent=2237"}],"curies":[{"name":"wp","href":"https:\/\/api.w.org\/{rel}","templated":true}]}}